
What is the remainder when 153701 is divided by 76546?
609
Calculate the remainder when 1817023 is divided by 3151.
2047
Calculate the remainder when 10183 is divided by 103.
89
What is the remainder when 462351 is divided by 3202?
1263
Calculate the remainder when 51099 is divided by 16.
11
Calculate the remainder when 6426032 is divided by 385.
382
Calculate the remainder when 4152995 is divided by 141.
122
Calculate the remainder when 29333291 is divided by 9777748.
47
Calculate the remainder when 5259195 is divided by 1021.
24
Calculate the remainder when 70195 is divided by 56.
27
What is the remainder when 5131744 is divided by 148?
140
Calculate the remainder when 1801075 is divided by 6927.
55
What is the remainder when 302088367 is divided by 10?
7
What is the remainder when 2048588 is divided by 49?
45
Calculate the remainder when 49937384 is divided by 3644.
8
What is the remainder when 939495 is divided by 39?
24
What is the remainder when 11181234 is divided by 5220?
5214
Calculate the remainder when 25286 is divided by 1990.
1406
What is the remainder when 8271632 is divided by 677?
46
What is the remainder when 8012026 is divided by 4006012?
2
Calculate the remainder when 3521081 is divided by 816.
41
What is the remainder when 1094252 is divided by 6533?
3241
What is the remainder when 68452462 is divided by 12?
10
Calculate the remainder when 3970330 is divided by 9320.
10
Calculate the remainder when 2538492 is divided by 67.
63
What is the remainder when 299856 is divided by 99239?
2139
What is the remainder when 137487 is divided by 135022?
2465
Calculate the remainder when 110883214 is divided by 18.
10
What is the remainder when 133637 is divided by 540?
257
What is the remainder when 25541 is divided by 12623?
295
Calculate the remainder when 1527875 is divided by 15909.
611
What is the remainder when 350218 is divided by 8327?
484
Calculate the remainder when 137021667 is divided by 943.
938
What is the remainder when 244751818 is divided by 362?
360
What is the remainder when 6675264 is divided by 724?
708
Calculate the remainder when 8931 is divided by 1279.
1257
What is the remainder when 34701580 is divided by 788672?
12
Calculate the remainder when 11700382 is divided by 11700371.
11
Calculate the remainder when 26082066 is divided by 3726009.
3
Calculate the remainder when 263125110 is divided by 27.
12
What is the remainder when 2906521 is divided by 111789?
7
Calculate the remainder when 17672045 is divided by 434.
433
Calculate the remainder when 18965794 is divided by 287360.
34
What is the remainder when 19122709 is divided by 7?
4
Calculate the remainder when 9590750 is divided by 619.
583
Calculate the remainder when 2083361 is divided by 192.
161
Calculate the remainder when 45304186 is divided by 243.
238
What is the remainder when 636983 is divided by 70775?
8
Calculate the remainder when 1181092318 is divided by 16.
14
What is the remainder when 56879 is divided by 2461?
276
Calculate the remainder when 42901 is divided by 37.
18
Calculate the remainder when 246221 is divided by 60568.
3949
Calculate the remainder when 3332211 is divided by 1742.
1507
Calculate the remainder when 7364733 is divided by 129.
123
What is the remainder when 16277 is divided by 423?
203
Calculate the remainder when 166554 is divided by 10404.
90
What is the remainder when 88599258 is divided by 10?
8
Calculate the remainder when 479098 is divided by 237.
121
What is the remainder when 11739954 is divided by 75741?
99
What is the remainder when 11010545 is divided by 1000958?
7
What is the remainder when 271387020 is divided by 2672?
2668
What is the remainder when 6648587 is divided by 2216145?
152
Calculate the remainder when 354062587 is divided by 199.
195
Calculate the remainder when 32115569 is divided by 32115568.
1
What is the remainder when 65158 is divided by 573?
409
Calculate the remainder when 737728 is divided by 368829.
70
Calculate the remainder when 525025 is divided by 701.
677
What is the remainder when 26447 is divided by 8433?
1148
Calculate the remainder when 300700 is divided by 2835.
190
Calculate the remainder when 567774 is divided by 20262.
438
What is the remainder when 229468 is divided by 80?
28
Calculate the remainder when 6266332 is divided by 212.
36
What is the remainder when 563125418 is divided by 836?
834
What is the remainder when 108512 is divided by 108136?
376
What is the remainder when 22369575 is divided by 1844?
11
What is the remainder when 35592 is divided by 35086?
506
Calculate the remainder when 42903461 is divided by 55.
51
What is the remainder when 103267 is divided by 196?
171
What is the remainder when 12201114 is divided by 898?
886
What is the remainder when 475153 is divided by 7310?
3
Calculate the remainder when 354332 is divided by 349424.
4908
Calculate the remainder when 17104 is divided by 2228.
1508
Calculate the remainder when 133782277 is divided by 406.
405
What is the remainder when 23290 is divided by 7478?
856
Calculate the remainder when 2077340 is divided by 72.
68
What is the remainder when 174405800 is divided by 18?
2
Calculate the remainder when 109609543 is divided by 3653651.
13
Calculate the remainder when 2691970 is divided by 85.
20
Calculate the remainder when 45514 is divided by 5000.
514
What is the remainder when 113688919 is divided by 73?
33
Calculate the remainder when 21071206 is divided by 172.
2
What is the remainder when 137814316 is divided by 12?
4
What is the remainder when 10633055 is divided by 622?
587
Calculate the remainder when 27908184 is divided by 3426.
3414
What is the remainder when 1817871 is divided by 5845?
76
What is the remainder when 52754 is divided by 52182?
572
What is the remainder when 861579 is divided by 1845?
1809
Calculate the remainder when 29554011 is divided by 11.
3
What is the remainder when 6904416 is divided by 16799?
27
Calculate the remainder when 26073 is divided by 2894.
27
Calculate the remainder when 90746677 is divided by 587.
586
Calculate the remainder when 187459 is divided by 10413.
25
Calculate the remainder when 20359123 is divided by 484740.
43
What is the remainder when 34708945 is divided by 1239604?
33
What is the remainder when 33107251 is divided by 3678582?
13
What is the remainder when 629337 is divided by 553?
23
What is the remainder when 8213482 is divided by 97?
7
What is the remainder when 22538 is divided by 3097?
859
What is the remainder when 25067386 is divided by 1046?
1042
What is the remainder when 40326 is divided by 2191?
888
Calculate the remainder when 149136673 is divided by 3423.
3409
Calculate the remainder when 19222136 is divided by 2154.
1994
Calculate the remainder when 4650035 is divided by 206.
203
What is the remainder when 44836 is divided by 476?
92
What is the remainder when 207706526 is divided by 1667?
1660
What is the remainder when 200383 is divided by 8009?
158
What is the remainder when 227013 is divided by 2162?
3
What is the remainder when 419743 is divided by 45?
28
What is the remainder when 10322334 is divided by 126?
36
Calculate the remainder when 242014 is divided by 121006.
2
Calculate the remainder when 6151594 is divided by 6151584.
10
Calculate the remainder when 10888266 is divided by 66.
48
Calculate the remainder when 2321603 is divided by 55270.
263
Calculate the remainder when 175188 is divided by 1607.
25
What is the remainder when 18373852 is divided by 128?
92
What is the remainder when 30303727 is divided by 15151861?
5
Calculate the remainder when 300369 is divided by 6914.
3067
Calculate the remainder when 436521 is divided by 144774.
2199
What is the remainder when 76242038 is divided by 70?
68
Calculate the remainder when 25274817 is divided by 30.
27
Calculate the remainder when 1473088 is divided by 10522.
8
Calculate the remainder when 308046220 is divided by 8823.
8821
Calculate the remainder when 361357 is divided by 2867.
115
Calculate the remainder when 45102810 is divided by 15034257.
39
What is the remainder when 592361 is divided by 336?
329
What is the remainder when 1536565 is divided by 1975?
15
What is the remainder when 44731211 is divided by 150610?
41
What is the remainder when 1240160 is divided b